l a composite number?
False
Let h = 75698 + 49941. Is h composite?
False
Suppose -6*x - 7 + 25 = 0. Suppose 4*h - x*q - 14776 = 0, 2*h - 5222 = -5*q + 2166. Is h prime?
False
Let y(h) = 42*h - 3. Let o be y(12). Let m = o - 5. Suppose -5*i + 619 = -m. Is i composite?
False
Suppose 75*o - 6995170 - 12571817 - 4879338 = 0. Is o a prime number?
True
Suppose 4*d = -5*x + 95064, -152*x + 155*x - 118843 = -5*d. Is d a composite number?
True
Suppose 0 = -2*l + 3*o + 244123, 2*o - 6*o - 732394 = -6*l. Is l prime?
True
Let l(u) = -10*u + 4367. Let h(x) = 4*x - 2183. Let f(o) = -9*h(o) - 4*l(o). Is f(0) a prime number?
True
Let f(x) be the first derivative of -x**4/4 + 4*x**3 + 9*x**2 - 28*x + 21. Let a be f(14). Let i = -2 - a. Is i prime?
False
Let w = -20254 - -52703. Is w prime?
False
Let r be 482/3 - (-6)/18. Let u = r - 90. Is u a prime number?
True
Let t = 67 - 59. Let d = t + 46. Let s = d + -21. Is s prime?
False
Suppose 16*s = 22*s - 27654. Suppose -5*o + s = 3*f, 2*f - o - 2114 = 976. Is f a composite number?
False
Let d = 215 - 211. Let q(g) = 51*g**3 + 8*g**2 + 4*g + 5. Is q(d) a composite number?
False
Let g be (-9 - 1) + 7 + 3 + 0. Suppose g = -11*p - p + 79644. Is p prime?
True
Let z = -225292 + 472129. Is z prime?
False
Let b(m) = 113*m**2 - 2*m + 1. Let o be b(-6). Suppose 0 = 15*r - 134 - 31. Suppose 18*h = r*h + o. Is h prime?
False
Suppose 2*g = 8*g - 12. Suppose g*v = v + 38. Suppose v*w - 12747 = 31*w. Is w prime?
False
Let z = 1674 - 1192. Suppose 0 = 3*d - 2*k - k + 948, 0 = -2*k - 10. Let c = z + d. Is c composite?
True
Suppose -4*v + 0*v = 184. Let o = v - -50. Suppose t + 967 = 2*x, -o*x = -2*t - t - 1931. Is x a composite number?
True
Let b(d) = 3616*d**2 + 5*d - 4. Let a be b(1). Let f = a + -2358. Is f a composite number?
False
Is 102 + -103 + 15*2928 composite?
True
Suppose -21*t + 22*t + 3*l = -4, -2 = l. Is (2 - t - 293)/(15/(-75)) a prime number?
False
Suppose 19932385 = 80*y - 25*y. Is y a prime number?
True
Suppose u + u + 2*n - 11388 = 0, 0 = 3*u + 2*n - 17079. Let w = -2964 + u. Suppose 4*b - 5*l - w = 0, 3*b + 4*l = -2*b + 3419. Is b a composite number?
False
Let m = 244747 + 266812. Is m a prime number?
True
Suppose -3*v - 18138 = -j - 223229, 3*v = 2*j + 205093. Is v composite?
True
Suppose -2*p - 2 = 2. Let k be (-12)/(-30) + (12986/(-5))/p. Let m = -668 + k. Is m prime?
True
Let q(z) = -7*z - 23. Let y be q(23). Let w = 1071 + y. Is w a composite number?
False
Let z(x) = -2*x**2 - 4*x + 32. Let m be 5/(-1 - 0 - 0). Let p be z(m). Suppose 3*d - 1147 = -p*y, -2*d = -5*d + 3*y + 1122. Is d a prime number?
True
Suppose 3*m = 29 - 20. Suppose -m*v - 26 = 5*x, v + 9 = 4*v. Is (-9091)/x + (12/14)/3 a composite number?
True
Let h(j) = 356*j - 5. Suppose 5*g = -4*u - 8, 0 = 2*u - g + 3*g + 4. Let y(d) = 358*d - 5. Let v(o) = u*h(o) + 3*y(o). Is v(6) a prime number?
False
Suppose -29*h + 31*h - 4 = 0. Suppose h*a = 4*a - 4. Is a*(-3)/(6/(-1213)) a prime number?
True
Suppose 336*f - 330*f = 27402. Suppose 22820 = 5*q + 5*b, 2*b - 4*b = q - f. Is q composite?
False
Let h be (-5)/(10/(-44)) - -2. Let z = -9 + h. Is ((-731)/3)/((-65)/z + 4) prime?
False
Let t = 411 + -586. Let x be 4/18 + t/(-63). Suppose -125 = -s - x*b, 0 = -5*s + 6*b - 2*b + 663. Is s prime?
True
Suppose 5*f = 3*l + 87, 23 = f + 6*l - l. Let q be -1*(-5847)/(-5) + f/45. Let b = -416 - q. Is b composite?
True
Let b be (-460)/(-20)*(-2 + -291 - 0). Let p = -2012 - b. Is p prime?
False
Suppose -4*x - 16*x + 10*x + 113690 = 0. Is x a prime number?
True
Suppose -4*a - 13 + 37 = 0. Let b(l) = l**3 - 5*l**2 - 4*l - 8. Let g be b(a). Suppose -z + 5925 = g*w, -4*z = -w + 915 + 562. Is w prime?
True
Let i be 79516 + -5*(-1)/1. Suppose 7*k + i = 391840. Is k a composite number?
False
Suppose -11*d = -177523 - 305168. Is d prime?
False
Suppose 3*c - 94507 = 2*r - 406107, 4*r + 3*c - 623254 = 0. Is r a prime number?
True
Is 7 + 78056/33*(6 + 156/8) prime?
False
Let d be 93/12 + (21/(-28))/(-3). Suppose 0 = d*o - 75634 - 49350. Is o composite?
True
Let n = -992699 + 1453806. Is n composite?
True
Let b be 4/(-30)*-3 - (-120)/75. Suppose z = -3*o + 2*o + 4, z = 2*o - b. Suppose -356 + 2590 = z*v. Is v composite?
False
Let x(y) be the third derivative of 439*y**6/12 + y**5/15 - 5*y**4/12 + 7*y**3/6 - 3*y**2 - 13. Is x(1) a prime number?
True
Let g(q) = q**3 + 16*q + 17. Let s be g(0). Suppose -8 = 3*o - 20. Let f = o + s. Is f composite?
True
Let q(g) = 15*g**2 + 12*g + 51. Let m = -7 - 21. Let b = -34 - m. Is q(b) a composite number?
True
Is ((-63374)/7)/(32/(-112)) composite?
False
Suppose 1607*g + 4*q = 1605*g + 736930, 3*g + q - 1105395 = 0. Is g composite?
True
Suppose -15*p + 428163 = -219207. Is (p/(-9) + -5)*-3 a prime number?
True
Is 347015 - 279 - (21 - 2) a prime number?
False
Let b = -54 + 47. Is 10663/(b/56*-8) a prime number?
True
Let t = -10719 - -15359. Let i = t - 999. Is i prime?
False
Suppose 2*l + 3 = 5*l, 0 = -5*v - 4*l + 19. Suppose v*k = y + 4 + 4, -20 = -5*k - 5*y. Is (-3)/(-2)*1634/k prime?
False
Let w(u) be the first derivative of u**7/280 - u**6/120 - 3*u**5/40 + 5*u**4/12 + 4*u**3 + 1. Let a(k) be the third derivative of w(k). Is a(7) composite?
False
Suppose -20 = 3*v - 26. Let h(y) = -11*y + 4*y + 5 + 3*y + 336*y**v. Is h(1) a prime number?
True
Let p(f) = f**3 - 5*f**2 - 46*f - 60. Let o be p(-14). Let s = o - -36595. Is s prime?
False
Suppose 17 = -2*a + 7. Suppose -r + 2*y - 5*y + 141 = 0, 5*y = r - 149. Let f = r - a. Is f composite?
False
Let g(q) be the first derivative of 8*q**3/3 - 6*q**2 + 14*q + 4. Let y be g(10). Suppose -3 = -m + y. Is m a composite number?
True
Let n = -42585 - -121688. Is n composite?
False
Let l = -74428 + 113188. Suppose -2*r = 4*t + 4788 - l, 4*t - 33984 = -5*r. Is t a prime number?
False
Let g(i) = -1085*i**3 + 23*i**2 - 45*i - 253. Is g(-6) prime?
False
Let v(x) = -4241*x**3 - 7*x**2 + 11*x + 40. Is v(-3) a composite number?
False
Suppose 3*q - 11463 = 2*p, -2*q = -3*q + 4*p + 3811. Let w = q - 902. Is w composite?
True
Suppose 290*v = 165*v + 34168625. Is v composite?
False
Suppose -5 = 4*n - 5*q, 3*n = 2*q - 2 - 0. Suppose n*u + 3*g + 1771 = 5*u, 0 = -4*u + 2*g + 1418. Suppose l + k = -4*l + u, -3*k = -3. Is l a composite number?
False
Let x = 49 + -52. Let y be 311 + x/(-6)*(-12)/(-2). Is (-3)/(-1)*(1 - y/(-3)) a composite number?
False
Let l(p) = -17392*p - 177. Is l(-20) a prime number?
False
Let y = -45 - -41. Let l be 3 + 8/(y - 0) + -1. Suppose 5*z - 3*z - 586 = l. Is z prime?
True
Let k(b) = -b**2 + 4*b + 2. Let d be k(3). Suppose 4*t = -2*m + 104 - 270, -t - 442 = d*m. Let c = m - -124. Is c a composite number?
True
Let p(x) = -2*x - 46. Let j be p(-8). Let v be (249 - -1)*(j/12 + -4). Let s = v - -2440. Is s prime?
False
Suppose 30*u - 28*u = 51040. Suppose 2125 = 15*q - u. Is q a composite number?
True
Let k(i) = 62207*i**2 + 331*i + 2051. Is k(-6) a prime number?
False
Let m = 2838 + -1922. Suppose i - j - 2*j + 15 = 0, -i - 10 = -2*j. Suppose -f + m + 1135 = i. Is f a composite number?
True
Suppose 0 = 6*j - 10*j + 108. Let k = j - 29. Is 4 - (-85 + (-6 - k)) a composite number?
True
Suppose 3*f + 0*r = -2*r - 1824, 2415 = -4*f + 3*r. Let h = -160 - f. Let t = h + 1593. Is t a prime number?
True
Suppose 2*j = -j - 2*l + 3585, -3*l = 2*j - 2395. Suppose 0 = -20*a + 14 + 106. Suppose 0 = -a*h + j + 2881. Is h a prime number?
False
Suppose 5*y = -5*w + 1453110, -3*y + 376*w = 378*w - 871871. Is y prime?
True
Let w(h) = 2*h + 13. Let x be w(-9). Let p(v) = -335*v - 36. Is p(x) composite?
True
Let s(p) = -7*p**2 - 5*p - 4. Let k(v) = -20*v**2 - 16*v - 12. Let j(c) = -6*k(c) + 17*s(c). Let z be j(-10). Is ((-3)/z)/(-1)*8166/(-3) composite?
False
Suppose 792*q - 2146865 = 757*q. Is q prime?
True
Let s(t) = 999*t**2 + 53*t + 243. Is s(-11) a composite number?
False
Let v(w) = -w**3 + 5*w**2 - 24*w - 5. Let y = 141 - 151. Is v(y) a prime number?
False
Let h = 31 + -23. Suppose 3*t - 7*t + h = 0. Is 12/t*(-22)/(-4) prime?
False
Is 2 - 1*(-5780 + (-3 - -6)) prime?
True
Suppose -50 = 7*b - 64. Suppose 2*w - b*q - 2776 - 4596 = 0, -4*q - 7362 = -2*w. Is w prime?
True
Let n = 3154116 + -4525146. Is 2/(20/n*-3) prime?
False
Let y = 34125 + -18248. Is y composite?
False
Suppose v = -4*w + 718861, 3*v - 